 + 55 = 0. What is the remainder when v is divided by 10?
1
Suppose 2*a - 108 = -4*c, -29*c + 5*a = -26*c - 55. Suppose 5*h = 4*v - 264, 3*v + h = -h + 221. What is the remainder when v is divided by c?
21
Let j be -3*1*5/(-1). Let o = -68 - -73. Suppose 10*c = -o*u + 5*c + j, 5*u = 2*c + 29. Calculate the remainder when 12 is divided by u.
2
Let p be 1/(-3) - 193/(-3). Suppose g = 5*g - p. Suppose -5*v - 134 = -4*x + 60, 5*x - 2*v = 234. What is the remainder when x is divided by g?
14
Suppose 146 = 3*w + 2*z - 66, -z = 2*w - 143. What is the remainder when w is divided by 43?
31
Suppose -x - 15 + 0 = 3*w, -2*x = 2*w + 10. Suppose -476 = -x*m - 4*m. Suppose -41 = -4*u + m. Calculate the remainder when u is divided by 14.
12
Suppose 2*u = 3*f + 86, 3*f = -0*f - 12. What is the remainder when u is divided by 12?
1
Suppose 0 = 3*a + 2*a. Calculate the remainder when (1 - a)/((-1)/(-55)) is divided by 1*(7 + 1) + 6.
13
Suppose 3*b - 18 = 249. What is the remainder when b is divided by (-20)/8*92/(-10)?
20
What is the remainder when 72 is divided by 8/(-7) + 3/21 - -6?
2
Calculate the remainder when 49 is divided by (6/(-3) + 34/6)*3.
5
Let f(i) = -5*i**3 + 9*i**2 + 2*i + 39. Let w(r) = -3*r**3 + 5*r**2 + r + 19. Let k(o) = 4*f(o) - 7*w(o). What is the remainder when 45 is divided by k(0)?
22
Let k(p) = -p**3 + 5*p**2 + 14*p + 2. Let r be k(7). Suppose r*o = o + 15. Calculate the remainder when 89 is divided by o.
14
Let i(p) = 2*p + 3. Let t be i(-4). Let a be 2/2 - 15/t. Suppose 32 = -a*d + 6*d. What is the remainder when 63 is divided by d?
15
Let a be (-20)/(0 + -2) - 1. Let l = 10 - a. What is the remainder when -1 + l - (-12)/6 is divided by 1?
0
Let b = -93 + 96. Suppose 0 = -4*c + 3*f + 28 + b, 3*c = -2*f + 2. Calculate the remainder when 72/7 + (-6)/21 is divided by c.
2
Suppose -h = -3*j - 6 - 22, 5*h - 50 = -3*j. Suppose 5*s = -h + 98. What is the remainder when (-1)/(0 - 1/67) is divided by s?
16
Let q = -7 - -14. Suppose q = -5*y + 102. What is the remainder when 50 is divided by y?
12
Suppose h - 3*u = -3*h, 5*h - 4*u = -1. Suppose -q = -h*q + 100. Let n(a) = 17*a - 344. Calculate the remainder when q is divided by n(21).
11
Let r = -4 - -14. Let y be 9 + 5/(35/(-28)). Suppose 9*v - y*s = 13*v - 189, 137 = 3*v - s. What is the remainder when v is divided by r?
6
Suppose -8*s + 10*s = 10. Suppose s*t + x = 423, -t - 5*x = 15 - 90. Suppose -2*q + 7*q = 5, 3*q - 25 = -o. What is the remainder when t is divided by o?
19
Suppose -55 = -10*m + 5. Suppose -m*t + 145 = 49. Calculate the remainder when 63 is divided by t.
15
Suppose -21*d - 1120 = -53*d. Calculate the remainder when 611 is divided by d.
16
Suppose 0 = -5*t - 32*t + 2886. What is the remainder when t is divided by 41?
37
Let t = 195 - 132. Suppose -11*p + t + 14 = 0. What is the remainder when 34 is divided by p?
6
Suppose -20 - 14 = -2*v. Let l = -4 - -7. Let a = 51 - l. What is the remainder when a is divided by v?
14
Let r(v) be the first derivative of v**4/4 + 7*v**3/3 - 3*v**2 - 22*v - 9. Calculate the remainder when 137 is divided by r(-7).
17
Suppose -2*r - j + 41 + 12 = 0, r - 3*j - 30 = 0. Suppose 13 = -o - 0*o. Let y = o + r. What is the remainder when y is divided by 9?
5
Suppose d = -0*d + 13. What is the remainder when 19 is divided by d?
6
Suppose -13*z - 1382 = -1798. Calculate the remainder when 510 is divided by z.
30
Suppose 150 + 115 = 5*o. Calculate the remainder when 205 is divided by o.
46
Let c be (3 - 2)/((-2)/438). Let i(a) = -18*a - 1. Calculate the remainder when i(-3) is divided by c/(-12) - 3/12.
17
Suppose d = -3*b + 50, -2*b - 49 = -3*d + 57. What is the remainder when 82 is divided by d?
6
Suppose -l - 4*z = 2*l - 66, z = -3. Let v(h) = 7*h**3 + 33*h**2 - 12*h - 3. Calculate the remainder when l is divided by v(-5).
5
Let w(s) = s**3 - 44*s**2 - 88*s + 30. What is the remainder when w(46) is divided by 35?
4
Let r = 1499 - 1374. Calculate the remainder when 230 is divided by r.
105
Let a = 11 - -8. What is the remainder when 92/(20/20 - 0) is divided by a?
16
What is the remainder when 42 is divided by 544/28 - 60/42?
6
Let l(b) = 111*b - 1216. Suppose -5*c = -2*c - 5*u + 4, c - 2*u + 2 = 0. What is the remainder when l(11) is divided by c?
1
Let q(u) = u + 17. Let c = -2 + 14. Let h(s) = s**2 - 17*s - 22. What is the remainder when q(c) is divided by h(19)?
13
Let m(l) = -6*l**3 - l**2. Let j = 12 - 1. What is the remainder when m(-3) is divided by j?
10
Let n(t) = t**2 + 31*t + 36. What is the remainder when 41 is divided by n(-31)?
5
Let m(s) = -s + 110. What is the remainder when 168 is divided by m(9)?
67
Suppose 52*j + 501 = 1697. What is the remainder when 137 is divided by j?
22
Suppose 38 - 4 = 3*g + 2*x, g + 3*x = 9. Let d be 4/(-12) - (-76)/g. Suppose -2*b + d = t - 5, 0 = -t - b + 8. Calculate the remainder when 8 is divided by t.
3
Suppose -4*y + 2*q = -576, -y - 443 = -4*y - 4*q. Suppose -3*w + 4*a = -y, 5*a - 35 = -4*w + 179. What is the remainder when w is divided by 26?
25
Suppose 5*t - 2*g - 86 = 0, -4*t = -5*t - 2*g + 10. What is the remainder when (3/(30/92))/((-3)/(-15)) is divided by t?
14
Let s(l) = -66*l - 61. What is the remainder when s(-10) is divided by 40?
39
Let j = -149 + 244. What is the remainder when j is divided by 25?
20
Suppose 0 = 6*b - 7*b + 46. Calculate the remainder when 152 is divided by b.
14
Let l(m) = -m + 2. Let o be l(-4). Suppose -o = -v - 2, -5*w - 5*v = -80. Let p = 378 - 333. What is the remainder when p is divided by w?
9
Let q(s) = 11*s**3 - 5*s**2 + 2*s + 2. Let p be q(3). Let l = p + -152. Calculate the remainder when l is divided by 14.
10
Suppose 3*s + 4 = 118. Calculate the remainder when 111 is divided by s.
35
Suppose 40*u = 51*u - 2596. Calculate the remainder when u is divided by 78.
2
Suppose 0 = -11*u + 99 + 594. Let d(k) = -33*k**3 + k**2 - 1. Calculate the remainder when u is divided by d(-1).
30
Suppose -5*k + 32 = -48. What is the remainder when 429 is divided by k?
13
Let t = -121 + 71. Let x = -28 - t. Let v(p) = -p**3 - 2*p**2 + 6*p - 2. Calculate the remainder when x is divided by v(-4).
4
Suppose -3*r = -0*r - 63. Let i(b) = 122*b**2 + 3*b - 1. Calculate the remainder when i(1) is divided by r.
19
Let z(k) = 27*k + 3. Let d be z(3). Let x = d - 39. Suppose -6*p = g - 2*p - x, 4*g - 197 = p. Calculate the remainder when g is divided by 17.
15
Suppose -4*m - 4 = -4*c, 5*m + 12 = -4*c + 43. Suppose -o = 4, 2*w + o + 5 = 3*w. What is the remainder when m is divided by w?
0
What is the remainder when 69/((-15)/(-4)*14/35) is divided by 8?
6
Let u = 38 - 20. What is the remainder when 608/57*u/8 is divided by 7?
3
Let j = -3 - 0. Calculate the remainder when (-420)/(-48)*(5 + -2 + 1) is divided by 2/(6/(-19))*j.
16
Suppose 0 = -4*b - 193 - 95. Let c = -54 - b. What is the remainder when 179 is divided by c?
17
Calculate the remainder when ((-1905)/(-90))/(3/18) + 1 is divided by 43.
42
Calculate the remainder when 77 is divided by (-35 + 1)*(-12)/(10 + 14).
9
Suppose 3*v = 6, -u - 3*v + 11 - 2 = 0. Suppose -4 = 4*t + 5*n - 108, -2*n + 71 = u*t. Calculate the remainder when t is divided by 8.
5
Let r(a) = -6*a**3 - 16*a**2 - 29*a + 1. Let k(z) = 5*z**3 + 16*z**2 + 29*z. Let o(s) = -5*k(s) - 4*r(s). What is the remainder when 39 is divided by o(-14)?
9
Let v(a) = 9*a - 330. What is the remainder when 172 is divided by v(42)?
28
What is the remainder when 173 is divided by 49 + (3 - 5) + -1 + -2?
41
Suppose j = -k + 8, k - 2*j = -k + 20. What is the remainder when 107 is divided by k?
8
Suppose -3*z + 15 + 78 = 0. Suppose 4*k - z = -7. What is the remainder when 21 is divided by k?
3
Suppose 5*b = s - 141, 0 = 4*b - 2*s + 30 + 84. Let w = 103 + b. What is the remainder when w is divided by 11?
9
Suppose 711*t = 698*t + 351. What is the remainder when 363 is divided by t?
12
Let s = -25 + 41. Let d = s - 10. What is the remainder when d is divided by -2 + 0 - (0 - (-24)/(-4) - 0)?
2
Suppose -16*j = -5*j - 1012. What is the remainder when j is divided by 32?
28
Let c = 111 + -95. What is the remainder when 365 is divided by c?
13
Let s be -2 + (-2 - 2*-1). Suppose 6*q - 146 = 3*w - 5*w, 0 = q - 2*w - 22. What is the remainder when 1714/18 + s/9 is divided by q?
23
Let t = 24 - -